{"id":4462,"date":"2023-09-19T10:29:52","date_gmt":"2023-09-19T08:29:52","guid":{"rendered":"https:\/\/osonajove.cat\/capsula\/?page_id=4462"},"modified":"2025-10-21T09:28:23","modified_gmt":"2025-10-21T07:28:23","slug":"grau-basic","status":"publish","type":"page","link":"https:\/\/osonajove.cat\/capsula\/formacio-professional\/grau-basic\/","title":{"rendered":"Grau basic"},"content":{"rendered":"\t\t<div data-elementor-type=\"wp-page\" data-elementor-id=\"4462\" class=\"elementor elementor-4462\" data-elementor-post-type=\"page\">\n\t\t\t\t\t\t<section class=\"elementor-section elementor-top-section elementor-element elementor-element-4085244 elementor-section-boxed elementor-section-height-default elementor-section-height-default\" data-id=\"4085244\" data-element_type=\"section\" data-e-type=\"section\">\n\t\t\t\t\t\t<div class=\"elementor-container elementor-column-gap-default\">\n\t\t\t\t\t<div class=\"elementor-column elementor-col-100 elementor-top-column elementor-element elementor-element-597d037\" data-id=\"597d037\" data-element_type=\"column\" data-e-type=\"column\">\n\t\t\t<div class=\"elementor-widget-wrap elementor-element-populated\">\n\t\t\t\t\t\t<div class=\"elementor-element elementor-element-d8b8d7d elementor-widget elementor-widget-text-editor\" data-id=\"d8b8d7d\" data-element_type=\"widget\" data-e-type=\"widget\" data-widget_type=\"text-editor.default\">\n\t\t\t\t\t\t\t\t\t<p>Oferta formativa \/ <a href=\"https:\/\/osonajove.cat\/capsula\/formacio-professional\/\">Formaci\u00f3 Professional<\/a><\/p>\t\t\t\t\t\t\t\t<\/div>\n\t\t\t\t<div class=\"elementor-element elementor-element-7eb66c0 elementor-widget elementor-widget-text-editor\" data-id=\"7eb66c0\" data-element_type=\"widget\" data-e-type=\"widget\" data-widget_type=\"text-editor.default\">\n\t\t\t\t\t\t\t\t\t<h3>Aquests cicles formatius s\u00f3n una oportunitat per als alumnes especialment motivats pels aprenentatges professionals i que presentin m\u00e9s possibilitats d&#8217;aprenentatge i d&#8217;assoliment de les compet\u00e8ncies d&#8217;educaci\u00f3 secund\u00e0ria obligat\u00f2ria en un entorn vinculat al m\u00f3n professional.<\/h3>\t\t\t\t\t\t\t\t<\/div>\n\t\t\t\t\t<\/div>\n\t\t<\/div>\n\t\t\t\t\t<\/div>\n\t\t<\/section>\n\t\t\t\t<section class=\"elementor-section elementor-top-section elementor-element elementor-element-07eefd4 elementor-section-boxed elementor-section-height-default elementor-section-height-default\" data-id=\"07eefd4\" data-element_type=\"section\" data-e-type=\"section\">\n\t\t\t\t\t\t<div class=\"elementor-container elementor-column-gap-default\">\n\t\t\t\t\t<div class=\"elementor-column elementor-col-66 elementor-top-column elementor-element elementor-element-c6d58f3\" data-id=\"c6d58f3\" data-element_type=\"column\" data-e-type=\"column\">\n\t\t\t<div class=\"elementor-widget-wrap elementor-element-populated\">\n\t\t\t\t\t\t<div class=\"elementor-element elementor-element-b6622f7 elementor-widget elementor-widget-text-editor\" data-id=\"b6622f7\" data-element_type=\"widget\" data-e-type=\"widget\" data-widget_type=\"text-editor.default\">\n\t\t\t\t\t\t\t\t\t<p>Van dirigits a l&#8217;alumnat que ha cursat tercer curs d&#8217;educaci\u00f3 secund\u00e0ria obligat\u00f2ria (o, excepcionalment, segon curs), amb la proposta de l&#8217;equip docent mitjan\u00e7ant el Consell orientador.<\/p><p>Els cicles formatius de grau b\u00e0sic tenen una durada de dos cursos acad\u00e8mics.<\/p><p>La superaci\u00f3 de la totalitat dels \u00e0mbits inclosos en un cicle formatiu de grau b\u00e0sic permet l&#8217;obtenci\u00f3 del t\u00edtol de graduat o graduada en educaci\u00f3 secund\u00e0ria obligat\u00f2ria i del t\u00edtol de t\u00e8cnica o t\u00e8cnic b\u00e0sic en l&#8217;especialitat corresponent, que acredita les compet\u00e8ncies professionals adquirides.<\/p><p><a href=\"https:\/\/triaeducativa.gencat.cat\/ca\/fp\/grau-basic\/\" target=\"_blank\" rel=\"noopener noreferrer nofollow\">+ Informaci\u00f3<\/a><\/p>\t\t\t\t\t\t\t\t<\/div>\n\t\t\t\t<div class=\"elementor-element elementor-element-116fbe5 elementor-widget elementor-widget-heading\" data-id=\"116fbe5\" data-element_type=\"widget\" data-e-type=\"widget\" data-widget_type=\"heading.default\">\n\t\t\t\t\t<h3 class=\"elementor-heading-title elementor-size-default\">Formaci\u00f3 Professional  b\u00e0sica<\/h3>\t\t\t\t<\/div>\n\t\t\t\t<div class=\"elementor-element elementor-element-3b8559b llista-links elementor-widget elementor-widget-text-editor\" data-id=\"3b8559b\" data-element_type=\"widget\" data-e-type=\"widget\" data-widget_type=\"text-editor.default\">\n\t\t\t\t\t\t\t\t\t<ul><li><a href=\"https:\/\/osonajove.cat\/capsula\/cfgb-informatica-doficina\/\">CFGB\u00a0 d\u2019inform\u00e0tica d\u2019oficina<\/a><\/li><li><a href=\"https:\/\/osonajove.cat\/capsula\/cfgb-electricitat-i-electronica\/\">CFGB d&#8217;electricitat i electr\u00f2nica<\/a><\/li><li><a href=\"https:\/\/osonajove.cat\/capsula\/cfgb-serveis-administratius\/\">CFGB de serveis administratius<\/a><\/li><li><a href=\"https:\/\/osonajove.cat\/capsula\/cfgb-activitats-domestiques-i-neteja-dedificis\/\">CFGB d&#8217;activitats dom\u00e8stiques i neteja d&#8217;edificis<\/a><\/li><\/ul>\t\t\t\t\t\t\t\t<\/div>\n\t\t\t\t\t<\/div>\n\t\t<\/div>\n\t\t\t\t<div class=\"elementor-column elementor-col-33 elementor-top-column elementor-element elementor-element-56284b8\" data-id=\"56284b8\" data-element_type=\"column\" data-e-type=\"column\">\n\t\t\t<div class=\"elementor-widget-wrap\">\n\t\t\t\t\t\t\t<\/div>\n\t\t<\/div>\n\t\t\t\t\t<\/div>\n\t\t<\/section>\n\t\t\t\t<\/div>\n\t\t","protected":false},"excerpt":{"rendered":"<p>Oferta formativa \/ Formaci\u00f3 Professional Aquests cicles formatius s\u00f3n una oportunitat per als alumnes especialment motivats pels aprenentatges professionals i que presentin m\u00e9s possibilitats d&#8217;aprenentatge i d&#8217;assoliment de les compet\u00e8ncies d&#8217;educaci\u00f3 secund\u00e0ria obligat\u00f2ria en un entorn vinculat al m\u00f3n professional. Van dirigits a l&#8217;alumnat que ha cursat tercer curs d&#8217;educaci\u00f3 secund\u00e0ria obligat\u00f2ria (o, excepcionalment, segon [&hellip;]<\/p>\n","protected":false},"author":4,"featured_media":0,"parent":4496,"menu_order":0,"comment_status":"closed","ping_status":"closed","template":"","meta":{"slim_seo":{"title":"Grau basic - C\u00e0psula","description":"Oferta formativa \/ Formaci\u00f3 Professional Aquests cicles formatius s\u00f3n una oportunitat per als alumnes especialment motivats pels aprenentatges professionals i q"},"footnotes":"","_wp_rev_ctl_limit":""},"class_list":["post-4462","page","type-page","status-publish","hentry"],"_links":{"self":[{"href":"https:\/\/osonajove.cat\/capsula\/wp-json\/wp\/v2\/pages\/4462","targetHints":{"allow":["GET"]}}],"collection":[{"href":"https:\/\/osonajove.cat\/capsula\/wp-json\/wp\/v2\/pages"}],"about":[{"href":"https:\/\/osonajove.cat\/capsula\/wp-json\/wp\/v2\/types\/page"}],"author":[{"embeddable":true,"href":"https:\/\/osonajove.cat\/capsula\/wp-json\/wp\/v2\/users\/4"}],"replies":[{"embeddable":true,"href":"https:\/\/osonajove.cat\/capsula\/wp-json\/wp\/v2\/comments?post=4462"}],"version-history":[{"count":4,"href":"https:\/\/osonajove.cat\/capsula\/wp-json\/wp\/v2\/pages\/4462\/revisions"}],"predecessor-version":[{"id":5414,"href":"https:\/\/osonajove.cat\/capsula\/wp-json\/wp\/v2\/pages\/4462\/revisions\/5414"}],"up":[{"embeddable":true,"href":"https:\/\/osonajove.cat\/capsula\/wp-json\/wp\/v2\/pages\/4496"}],"wp:attachment":[{"href":"https:\/\/osonajove.cat\/capsula\/wp-json\/wp\/v2\/media?parent=4462"}],"curies":[{"name":"wp","href":"https:\/\/api.w.org\/{rel}","templated":true}]}}