{"id":4421,"date":"2023-08-02T10:49:15","date_gmt":"2023-08-02T08:49:15","guid":{"rendered":"https:\/\/osonajove.cat\/capsula\/?post_type=noe&#038;p=4421"},"modified":"2023-08-02T10:49:16","modified_gmt":"2023-08-02T08:49:16","slug":"servei-demprenedoria-de-lajuntament-de-centelles-catalunya-empren","status":"publish","type":"noe","link":"https:\/\/osonajove.cat\/capsula\/noe\/servei-demprenedoria-de-lajuntament-de-centelles-catalunya-empren\/","title":{"rendered":"Servei d&#8217;emprenedoria de l&#8217;Ajuntament de Centelles &#8211; Catalunya Empr\u00e8n"},"content":{"rendered":"\n<p>Ajuntament de Centelles<\/p>\n\n\n\n<p><strong>DESCRIPCI\u00d3 DEL RECURS<br><\/strong>Assessorament a persones emprenedores.<br>Ajudar en la creaci\u00f3 i posada en marxa del propi negoci, en qu\u00e8 s&#8217;informa i assessora de manera personalitzada en l&#8217;estudi de viabilitat del projecte empresarial, els passos que s&#8217;han de fer per crear l&#8217;empresa, l&#8217;acc\u00e9s a pr\u00e9stecs amb condicions avantatjoses, la tramitaci\u00f3 d&#8217;ajudes, aspectes legals i fiscals i les diferents formes jur\u00eddiques.<br>Formaci\u00f3 especialitzada a la creaci\u00f3 d&#8217;empreses.<br>Punt d&#8217;atenci\u00f3 a l&#8217;emprenedor\/a (PAE). Donar d&#8217;alta a noves empreses.<br>Reempresa. Intermediaci\u00f3 entre les empreses cedents i les persones que volen adquirir un negoci que ja est\u00e0 en funcionament.<\/p>\n\n\n\n<p><strong>BEQUES I AJUTS ECON\u00d2MICS<br><\/strong>El recurs facilita i d\u00f3na suport a la sol.licitud i tramitaci\u00f3 de beques i ajuts econ\u00f2mics.<\/p>\n\n\n\n<p><strong>REQUISITS D&#8217;ACC\u00c9S AL RECURS<br><\/strong>Cal fer una entrevista amb el t\u00e8cnic d\u2019empresa i emprenedoria demanant hora al 938 811 257 (horari d\u2019atenci\u00f3 telef\u00f2nica de 9 a 14h) o enviant un correu electr\u00f2nic a cntl.ope@centelles.cat.<\/p>\n\n\n\n<p><strong>TITULACI\u00d3, ACREDITACI\u00d3 I QUALIFICACI\u00d3 QUE S&#8217;OBT\u00c9\u00a0<\/strong><br>En cas de formaci\u00f3 es dona certificat d&#8217;assist\u00e8ncia.<\/p>\n\n\n\n<p><strong>DADES DE CONTACTE<br><\/strong>Jordi Se\u00f1\u00e9<br>cntl.ope@centelles.cat<br>938 811 257<br><a href=\"https:\/\/www.centelles.cat\/viure\/economia-i-ocupacio\/emprenedoria\" target=\"_blank\" rel=\"noopener noreferrer nofollow\">www.centelles.cat<\/a><br>C\/ Nou, 11 baixos.<br>08540, Centelles.<\/p>\n","protected":false},"excerpt":{"rendered":"<p>Servei d&#8217;emprenedoria de Centelles. <\/p>\n","protected":false},"template":"","municipi":[],"perfil":[25,26,27,28,29,30,31],"perfil2":[32,33,34,35,36,37,38],"tipus":[40,45],"class_list":["post-4421","noe","type-noe","status-publish","hentry","perfil-1soc-menor-dedat","perfil-2soc-major-dedat","perfil-3no-tinc-eso","perfil-4em-costa-entendre-parlar-i-o-escriure-el-catala-castella","perfil-5estic-en-situacio-administrativa-irregular","perfil-6tinc-certificat-de-discapcitat","perfil-7em-reconec-algun-problema-de-salut-mental","perfil2-1menors-dedat","perfil2-2majors-dedat","perfil2-3nivell-educatiu-sense-eso","perfil2-4sense-domini-basic-de-la-llengua-catala-i-o-castella","perfil2-5en-situacio-administrativa-irregular","perfil2-6diversitat-funcional-amb-certificat-de-discapacitat","perfil2-7salut-mental","tipus-acompanyament-i-orientacio","tipus-insercio-i-acreditacio"],"_links":{"self":[{"href":"https:\/\/osonajove.cat\/capsula\/wp-json\/wp\/v2\/noe\/4421","targetHints":{"allow":["GET"]}}],"collection":[{"href":"https:\/\/osonajove.cat\/capsula\/wp-json\/wp\/v2\/noe"}],"about":[{"href":"https:\/\/osonajove.cat\/capsula\/wp-json\/wp\/v2\/types\/noe"}],"wp:attachment":[{"href":"https:\/\/osonajove.cat\/capsula\/wp-json\/wp\/v2\/media?parent=4421"}],"wp:term":[{"taxonomy":"municipi","embeddable":true,"href":"https:\/\/osonajove.cat\/capsula\/wp-json\/wp\/v2\/municipi?post=4421"},{"taxonomy":"perfil","embeddable":true,"href":"https:\/\/osonajove.cat\/capsula\/wp-json\/wp\/v2\/perfil?post=4421"},{"taxonomy":"perfil2","embeddable":true,"href":"https:\/\/osonajove.cat\/capsula\/wp-json\/wp\/v2\/perfil2?post=4421"},{"taxonomy":"tipus","embeddable":true,"href":"https:\/\/osonajove.cat\/capsula\/wp-json\/wp\/v2\/tipus?post=4421"}],"curies":[{"name":"wp","href":"https:\/\/api.w.org\/{rel}","templated":true}]}}

Servei d&#8217;emprenedoria de l&#8217;Ajuntament de Centelles &#8211; Catalunya Emprèn

<p>Ajuntament de Centelles</p>



<p><strong>DESCRIPCIÓ DEL RECURS<br></strong>Assessorament a persones emprenedores.<br>Ajudar en la creació i posada en marxa del propi negoci, en què s&#8217;informa i assessora de manera personalitzada en l&#8217;estudi de viabilitat del projecte empresarial, els passos que s&#8217;han de fer per crear l&#8217;empresa, l&#8217;accés a préstecs amb condicions avantatjoses, la tramitació d&#8217;ajudes, aspectes legals i fiscals i les diferents formes jurídiques.<br>Formació especialitzada a la creació d&#8217;empreses.<br>Punt d&#8217;atenció a l&#8217;emprenedor/a (PAE). Donar d&#8217;alta a noves empreses.<br>Reempresa. Intermediació entre les empreses cedents i les persones que volen adquirir un negoci que ja està en funcionament.</p>



<p><strong>BEQUES I AJUTS ECONÒMICS<br></strong>El recurs facilita i dóna suport a la sol.licitud i tramitació de beques i ajuts econòmics.</p>



<p><strong>REQUISITS D&#8217;ACCÉS AL RECURS<br></strong>Cal fer una entrevista amb el tècnic d’empresa i emprenedoria demanant hora al 938 811 257 (horari d’atenció telefònica de 9 a 14h) o enviant un correu electrònic a cntl.ope@centelles.cat.</p>



<p><strong>TITULACIÓ, ACREDITACIÓ I QUALIFICACIÓ QUE S&#8217;OBTÉ </strong><br>En cas de formació es dona certificat d&#8217;assistència.</p>



<p><strong>DADES DE CONTACTE<br></strong>Jordi Señé<br>cntl.ope@centelles.cat<br>938 811 257<br><a href="https://www.centelles.cat/viure/economia-i-ocupacio/emprenedoria" target="_blank" rel="noopener noreferrer nofollow">www.centelles.cat</a><br>C/ Nou, 11 baixos.<br>08540, Centelles.</p>
