{"id":4214,"date":"2023-06-09T13:52:25","date_gmt":"2023-06-09T11:52:25","guid":{"rendered":"https:\/\/osonajove.cat\/capsula\/?post_type=noe&#038;p=4214"},"modified":"2025-04-07T09:23:10","modified_gmt":"2025-04-07T07:23:10","slug":"llengua-catalana","status":"publish","type":"noe","link":"https:\/\/osonajove.cat\/capsula\/noe\/llengua-catalana\/","title":{"rendered":"Curs b\u00e0sic de Catal\u00e0"},"content":{"rendered":"\n<p>Escoles de formaci\u00f3 de persones adultes<\/p>\n\n\n\n<p><strong>DESCRIPCI\u00d3 DEL RECURS<br><\/strong>Aquests estudis tenen com a objectiu que les persones adultes assoleixin un grau de compet\u00e8ncia b\u00e0sica per a comunicar-se en llengua catalana.<br>El nivell de catal\u00e0 1 \u00e9s el corresponent al nivell A1 del MECR (Marc europeu com\u00fa de refer\u00e8ncia per a les lleng\u00fces).<\/p>\n\n\n\n<p><strong>REQUISITS D&#8217;ACC\u00c9S AL RECURS<br><\/strong>Poden accedir a aquests estudis totes les persones que tenen m\u00e9s de 18 anys o b\u00e9 els compleixen durant l\u2019any natural en qu\u00e8 s\u2019inicia la formaci\u00f3.<br>Poden accedir-hi menors d\u2019edat (16 i 17 anys) amb vist-i-plau d\u2019inspecci\u00f3.<\/p>\n\n\n\n<p><strong>DURADA DEL RECURS<br><\/strong>Curs escolar, de setembre a juny.<\/p>\n\n\n\n<p><strong>ITINERARI ACAD\u00c8MICA: CONTINU\u00cfTAT EDUCATIVA I\/O PROFESSIONAL<br><\/strong>Acc\u00e9s als cursos avan\u00e7ats del Consorci per a la Normalitzaci\u00f3 Ling\u00fc\u00edstica. <\/p>\n\n\n\n<p><strong>DADES DE CONTACTE CFA \/ EPA D\u2019OSONA<\/strong><\/p>\n\n\n\n<p><strong>CFA Montseny<br><\/strong>a8060095@xtec.cat<br>938 851 777<br>Av. del Montseny, 16 1r pis.<br>08500, Vic.<br><a href=\"https:\/\/agora.xtec.cat\/cfa-montseny\/\" target=\"_blank\" rel=\"noopener noreferrer nofollow\">agora.xtec.cat\/cfa-montseny<\/a><br>instagram.com\/cfa_montseny <\/p>\n\n\n\n<p><strong>CFA Mart\u00ed i Pol<br><\/strong>N\u00faria Mall\u00e9n<br>cfamartipolmanlleu@xtec.cat<br>938 506 500<br>Pla\u00e7a Llevant, 3.<br>08560, Manlleu.<br><a href=\"https:\/\/agora.xtec.cat\/cfamartipolmanlleu\/\" target=\"_blank\" rel=\"noopener noreferrer nofollow\">agora.xtec.cat\/cfamartipolmanlleu<\/a><\/p>\n\n\n\n<p><strong>EPA Centelles<br><\/strong>epacentelles@osonaformacio.org<br>938 813 880<br>C\/ de Jes\u00fas, 25.<br>08540, Centelles.<br>facebook.com\/epacentelles<br>instagram.com\/epacentelles<\/p>\n\n\n\n<p><strong>Aula Oberta Tona<br><\/strong>epacentelles@osonaformacio.org<br>938 870 761<br>C\/ Nou, 3 2n (Can Licus).<br>08551, Tona.<br>facebook.com\/aulaobertatona<br>instagram.com\/aulaobertatona<\/p>\n\n\n\n<p><strong>L\u2019Ateneu EPA Baleny\u00e0<br><\/strong>lateneu@osonaformacio.org<br>938 820 659<br>C\/ Vall-llosera, 1&nbsp;(Edifici \u201cEl Gra d\u2019Or\u201d).<br>08550, Hostalets de Baleny\u00e0.<\/p>\n","protected":false},"excerpt":{"rendered":"<p>Aquests estudis tenen per objectiu que les persones adultes assoleixin un grau de compet\u00e8ncia b\u00e0sica en llengua catalana.<\/p>\n","protected":false},"template":"","municipi":[51,52,54,49,53,55,57,58,56,61,62,59,60,48,63,64,65,66,67,68,69,70,71,72,73,74,75,76,77,78,79,80,81,82,83,84,85,86,87,88,89,50,90,91,92,96,47,93,94,95],"perfil":[25,26,27,28,29,30],"perfil2":[32,33,34,35,36,37],"tipus":[43,45],"class_list":["post-4214","noe","type-noe","status-publish","hentry","municipi-alpens","municipi-balenya","municipi-calldetenes","municipi-centelles","municipi-el-brull","municipi-espinelves","municipi-folgueroles","municipi-gurb","municipi-lesquirol","municipi-les-masies-de-roda","municipi-les-masies-de-voltrega","municipi-lluca","municipi-malla","municipi-manlleu","municipi-montesquiu","municipi-muntanyola","municipi-olost","municipi-oris","municipi-orista","municipi-perafita","municipi-prats-de-llucanes","municipi-roda-de-ter","municipi-rupit-i-pruit","municipi-sant-agusti-de-llucanes","municipi-sant-bartomeu-del-grau","municipi-sant-boi-de-llucanes","municipi-sant-hipolit-de-voltrega","municipi-sant-julia-de-vilatorta","municipi-sant-marti-dalbars","municipi-sant-marti-de-centelles","municipi-sant-pere-de-torello","municipi-sant-quirze-de-besora","municipi-sant-sadurni-dosormort","municipi-sant-vicenc-de-torello","municipi-santa-cecilia-de-voltrega","municipi-santa-eugenia-de-berga","municipi-santa-eulalia-de-riuprimer","municipi-santa-maria-de-besora","municipi-seva","municipi-sobremunt","municipi-sora","municipi-taradell","municipi-tavernoles","municipi-tavertet","municipi-tona","municipi-torello","municipi-vic","municipi-vidra","municipi-viladrau","municipi-vilanova-de-sau","perfil-1soc-menor-dedat","perfil-2soc-major-dedat","perfil-3no-tinc-eso","perfil-4em-costa-entendre-parlar-i-o-escriure-el-catala-castella","perfil-5estic-en-situacio-administrativa-irregular","perfil-6tinc-certificat-de-discapcitat","perfil2-1menors-dedat","perfil2-2majors-dedat","perfil2-3nivell-educatiu-sense-eso","perfil2-4sense-domini-basic-de-la-llengua-catala-i-o-castella","perfil2-5en-situacio-administrativa-irregular","perfil2-6diversitat-funcional-amb-certificat-de-discapacitat","tipus-formacio-academica-i-professionalitzadora","tipus-insercio-i-acreditacio"],"_links":{"self":[{"href":"https:\/\/osonajove.cat\/capsula\/wp-json\/wp\/v2\/noe\/4214","targetHints":{"allow":["GET"]}}],"collection":[{"href":"https:\/\/osonajove.cat\/capsula\/wp-json\/wp\/v2\/noe"}],"about":[{"href":"https:\/\/osonajove.cat\/capsula\/wp-json\/wp\/v2\/types\/noe"}],"wp:attachment":[{"href":"https:\/\/osonajove.cat\/capsula\/wp-json\/wp\/v2\/media?parent=4214"}],"wp:term":[{"taxonomy":"municipi","embeddable":true,"href":"https:\/\/osonajove.cat\/capsula\/wp-json\/wp\/v2\/municipi?post=4214"},{"taxonomy":"perfil","embeddable":true,"href":"https:\/\/osonajove.cat\/capsula\/wp-json\/wp\/v2\/perfil?post=4214"},{"taxonomy":"perfil2","embeddable":true,"href":"https:\/\/osonajove.cat\/capsula\/wp-json\/wp\/v2\/perfil2?post=4214"},{"taxonomy":"tipus","embeddable":true,"href":"https:\/\/osonajove.cat\/capsula\/wp-json\/wp\/v2\/tipus?post=4214"}],"curies":[{"name":"wp","href":"https:\/\/api.w.org\/{rel}","templated":true}]}}

Curs bàsic de Català

<p>Escoles de formació de persones adultes</p>



<p><strong>DESCRIPCIÓ DEL RECURS<br></strong>Aquests estudis tenen com a objectiu que les persones adultes assoleixin un grau de competència bàsica per a comunicar-se en llengua catalana.<br>El nivell de català 1 és el corresponent al nivell A1 del MECR (Marc europeu comú de referència per a les llengües).</p>



<p><strong>REQUISITS D&#8217;ACCÉS AL RECURS<br></strong>Poden accedir a aquests estudis totes les persones que tenen més de 18 anys o bé els compleixen durant l’any natural en què s’inicia la formació.<br>Poden accedir-hi menors d’edat (16 i 17 anys) amb vist-i-plau d’inspecció.</p>



<p><strong>DURADA DEL RECURS<br></strong>Curs escolar, de setembre a juny.</p>



<p><strong>ITINERARI ACADÈMICA: CONTINUÏTAT EDUCATIVA I/O PROFESSIONAL<br></strong>Accés als cursos avançats del Consorci per a la Normalització Lingüística. </p>



<p><strong>DADES DE CONTACTE CFA / EPA D’OSONA</strong></p>



<p><strong>CFA Montseny<br></strong>a8060095@xtec.cat<br>938 851 777<br>Av. del Montseny, 16 1r pis.<br>08500, Vic.<br><a href="https://agora.xtec.cat/cfa-montseny/" target="_blank" rel="noopener noreferrer nofollow">agora.xtec.cat/cfa-montseny</a><br>instagram.com/cfa_montseny </p>



<p><strong>CFA Martí i Pol<br></strong>Núria Mallén<br>cfamartipolmanlleu@xtec.cat<br>938 506 500<br>Plaça Llevant, 3.<br>08560, Manlleu.<br><a href="https://agora.xtec.cat/cfamartipolmanlleu/" target="_blank" rel="noopener noreferrer nofollow">agora.xtec.cat/cfamartipolmanlleu</a></p>



<p><strong>EPA Centelles<br></strong>epacentelles@osonaformacio.org<br>938 813 880<br>C/ de Jesús, 25.<br>08540, Centelles.<br>facebook.com/epacentelles<br>instagram.com/epacentelles</p>



<p><strong>Aula Oberta Tona<br></strong>epacentelles@osonaformacio.org<br>938 870 761<br>C/ Nou, 3 2n (Can Licus).<br>08551, Tona.<br>facebook.com/aulaobertatona<br>instagram.com/aulaobertatona</p>



<p><strong>L’Ateneu EPA Balenyà<br></strong>lateneu@osonaformacio.org<br>938 820 659<br>C/ Vall-llosera, 1&nbsp;(Edifici “El Gra d’Or”).<br>08550, Hostalets de Balenyà.</p>

<p>Aquests estudis tenen per objectiu que les persones adultes assoleixin un grau de competència bàsica en llengua catalana.</p>
