{"id":4192,"date":"2023-05-22T12:45:15","date_gmt":"2023-05-22T10:45:15","guid":{"rendered":"https:\/\/osonajove.cat\/capsula\/?post_type=noe&#038;p=4192"},"modified":"2025-04-07T09:22:10","modified_gmt":"2025-04-07T07:22:10","slug":"curs-de-preparacio-a-les-proves-dacces-a-cicles-formatius-de-grau-superior","status":"publish","type":"noe","link":"https:\/\/osonajove.cat\/capsula\/noe\/curs-de-preparacio-a-les-proves-dacces-a-cicles-formatius-de-grau-superior\/","title":{"rendered":"Curs de preparaci\u00f3 a les proves d&#8217;acc\u00e9s a Cicles Formatius de Grau Superior"},"content":{"rendered":"\n<p>EPA Centelles, Aula Oberta Tona, CFA Montseny i Pauta la Canal<\/p>\n\n\n\n<p><strong>DESCRIPCI\u00d3 DEL RECURS<br><\/strong>Curs orientat a la preparaci\u00f3 de la prova d\u2019acc\u00e9s a Cicles Formatius de Grau Superior que convoca cada any el Departament d\u2019Ensenyament per a les persones que hi volen accedir per\u00f2 no tenen el t\u00edtol de batxillerat (o equivalent a efectes d\u2019acc\u00e9s). Tamb\u00e9 hi poden participar les persones que tenen un t\u00edtol de t\u00e8cnic\/a.<\/p>\n\n\n\n<p><strong>REQUISITS D&#8217;ACC\u00c9S AL RECURS<br><\/strong>Majors de 18 anys.<br>Menors d&#8217;edat (16 i 17 anys) amb vist-i-plau d&#8217;inspecci\u00f3.<\/p>\n\n\n\n<p><strong>TR\u00c0MITS PER ACCEDIR AL RECURS<br><\/strong>Poden accedir a aquests estudis les persones que tinguin m\u00e9s de 18 anys o els compleixin durant l\u2019any natural en qu\u00e8 s\u2019inicia la formaci\u00f3.<br>Cal tenir en compte que per realitzar les proves d\u2019acc\u00e9s s\u2019ha de tenir m\u00e9s de 19 anys o complir-los durant l\u2019any natural en qu\u00e8 es realitza la prova i no tenir cap titulaci\u00f3 acad\u00e8mica o d\u2019ensenyaments equivalents que permeten l\u2019acc\u00e9s directe a la formaci\u00f3 professional (GESO, batxillerat o cicle formatiu grau mitj\u00e0, o curs espec\u00edfic d\u2019acc\u00e9s).<\/p>\n\n\n\n<p><strong>DURADA DEL RECURS<br><\/strong>De setembre a maig (fins a la data de convocat\u00f2ria de les proves).<\/p>\n\n\n\n<p><strong>ITINERARI ACAD\u00c8MIC: CONTINU\u00cfTAT EDUCATIVA I\/O PROFESSIONAL<br><\/strong>Acc\u00e9s a cicles de Grau Superior, ensenyaments d&#8217;arts pl\u00e0stiques i disseny i ensenyaments esportius.<\/p>\n\n\n\n<p><strong>DADES DE CONTACTE<\/strong><\/p>\n\n\n\n<p><strong>EPA Centelles<br><\/strong>epacentelles@osonaformacio.org<br>938 813 880<br>C\/ de Jes\u00fas, 25.<br>08540, Centelles.<br><a href=\"https:\/\/www.osonaformacio.org\/\" target=\"_blank\" rel=\"noopener noreferrer nofollow\">www.osonaformacio.org<br><\/a>facebook.com\/epacentelles<br>instagram.com\/epacentelles<\/p>\n\n\n\n<p><strong>Aula Oberta Tona<br><\/strong>epacentelles@osonaformacio.org<br>938 870 761<br>C\/ Nou, 3 2n (Can Licus).<br>08551, Tona.<br><a href=\"https:\/\/www.osonaformacio.org\/\" target=\"_blank\" rel=\"noopener noreferrer nofollow\">www.osonaformacio.org<br><\/a>facebook.com\/aulaobertatona<br>instagram.com\/aulaobertatona<\/p>\n\n\n\n<p><strong>CFA Montseny<br><\/strong>a8060095@xtec.cat<br>938 851 777<br>Av. del Montseny, 16 1r pis.<br>08500, Vic.<br><a href=\"https:\/\/agora.xtec.cat\/cfa-montseny\/\" target=\"_blank\" rel=\"noopener noreferrer nofollow\">agora.xtec.cat\/cfa-montseny<\/a><br>instagram.com\/cfa_montseny<\/p>\n\n\n\n<p><strong>Pauta La Canal<br><\/strong>pauta@lacanal.cat<br>931 828 965 \/ 627 350 846<br>Passatge Mol\u00ed de la Canal, 4-6.<br>08551, Tona.<br><a href=\"https:\/\/www.lacanal.cat\/\" target=\"_blank\" rel=\"noopener noreferrer nofollow\">www.lacanal.cat<\/a><\/p>\n","protected":false},"excerpt":{"rendered":"<p>Curs orientat a la preparaci\u00f3 de la prova d\u2019acc\u00e9s a Cicles Formatius de Grau Superior.<\/p>\n","protected":false},"template":"","municipi":[51,52,54,49,53,55,57,58,56,61,62,59,60,48,63,64,65,66,67,68,69,70,71,72,73,74,75,76,77,78,79,80,81,82,83,84,85,86,87,88,89,50,90,91,92,96,47,93,94,95],"perfil":[25,26,29],"perfil2":[32,33,36],"tipus":[43,45],"class_list":["post-4192","noe","type-noe","status-publish","hentry","municipi-alpens","municipi-balenya","municipi-calldetenes","municipi-centelles","municipi-el-brull","municipi-espinelves","municipi-folgueroles","municipi-gurb","municipi-lesquirol","municipi-les-masies-de-roda","municipi-les-masies-de-voltrega","municipi-lluca","municipi-malla","municipi-manlleu","municipi-montesquiu","municipi-muntanyola","municipi-olost","municipi-oris","municipi-orista","municipi-perafita","municipi-prats-de-llucanes","municipi-roda-de-ter","municipi-rupit-i-pruit","municipi-sant-agusti-de-llucanes","municipi-sant-bartomeu-del-grau","municipi-sant-boi-de-llucanes","municipi-sant-hipolit-de-voltrega","municipi-sant-julia-de-vilatorta","municipi-sant-marti-dalbars","municipi-sant-marti-de-centelles","municipi-sant-pere-de-torello","municipi-sant-quirze-de-besora","municipi-sant-sadurni-dosormort","municipi-sant-vicenc-de-torello","municipi-santa-cecilia-de-voltrega","municipi-santa-eugenia-de-berga","municipi-santa-eulalia-de-riuprimer","municipi-santa-maria-de-besora","municipi-seva","municipi-sobremunt","municipi-sora","municipi-taradell","municipi-tavernoles","municipi-tavertet","municipi-tona","municipi-torello","municipi-vic","municipi-vidra","municipi-viladrau","municipi-vilanova-de-sau","perfil-1soc-menor-dedat","perfil-2soc-major-dedat","perfil-5estic-en-situacio-administrativa-irregular","perfil2-1menors-dedat","perfil2-2majors-dedat","perfil2-5en-situacio-administrativa-irregular","tipus-formacio-academica-i-professionalitzadora","tipus-insercio-i-acreditacio"],"_links":{"self":[{"href":"https:\/\/osonajove.cat\/capsula\/wp-json\/wp\/v2\/noe\/4192","targetHints":{"allow":["GET"]}}],"collection":[{"href":"https:\/\/osonajove.cat\/capsula\/wp-json\/wp\/v2\/noe"}],"about":[{"href":"https:\/\/osonajove.cat\/capsula\/wp-json\/wp\/v2\/types\/noe"}],"wp:attachment":[{"href":"https:\/\/osonajove.cat\/capsula\/wp-json\/wp\/v2\/media?parent=4192"}],"wp:term":[{"taxonomy":"municipi","embeddable":true,"href":"https:\/\/osonajove.cat\/capsula\/wp-json\/wp\/v2\/municipi?post=4192"},{"taxonomy":"perfil","embeddable":true,"href":"https:\/\/osonajove.cat\/capsula\/wp-json\/wp\/v2\/perfil?post=4192"},{"taxonomy":"perfil2","embeddable":true,"href":"https:\/\/osonajove.cat\/capsula\/wp-json\/wp\/v2\/perfil2?post=4192"},{"taxonomy":"tipus","embeddable":true,"href":"https:\/\/osonajove.cat\/capsula\/wp-json\/wp\/v2\/tipus?post=4192"}],"curies":[{"name":"wp","href":"https:\/\/api.w.org\/{rel}","templated":true}]}}

Curs de preparació a les proves d&#8217;accés a Cicles Formatius de Grau Superior

<p>EPA Centelles, Aula Oberta Tona, CFA Montseny i Pauta la Canal</p>



<p><strong>DESCRIPCIÓ DEL RECURS<br></strong>Curs orientat a la preparació de la prova d’accés a Cicles Formatius de Grau Superior que convoca cada any el Departament d’Ensenyament per a les persones que hi volen accedir però no tenen el títol de batxillerat (o equivalent a efectes d’accés). També hi poden participar les persones que tenen un títol de tècnic/a.</p>



<p><strong>REQUISITS D&#8217;ACCÉS AL RECURS<br></strong>Majors de 18 anys.<br>Menors d&#8217;edat (16 i 17 anys) amb vist-i-plau d&#8217;inspecció.</p>



<p><strong>TRÀMITS PER ACCEDIR AL RECURS<br></strong>Poden accedir a aquests estudis les persones que tinguin més de 18 anys o els compleixin durant l’any natural en què s’inicia la formació.<br>Cal tenir en compte que per realitzar les proves d’accés s’ha de tenir més de 19 anys o complir-los durant l’any natural en què es realitza la prova i no tenir cap titulació acadèmica o d’ensenyaments equivalents que permeten l’accés directe a la formació professional (GESO, batxillerat o cicle formatiu grau mitjà, o curs específic d’accés).</p>



<p><strong>DURADA DEL RECURS<br></strong>De setembre a maig (fins a la data de convocatòria de les proves).</p>



<p><strong>ITINERARI ACADÈMIC: CONTINUÏTAT EDUCATIVA I/O PROFESSIONAL<br></strong>Accés a cicles de Grau Superior, ensenyaments d&#8217;arts plàstiques i disseny i ensenyaments esportius.</p>



<p><strong>DADES DE CONTACTE</strong></p>



<p><strong>EPA Centelles<br></strong>epacentelles@osonaformacio.org<br>938 813 880<br>C/ de Jesús, 25.<br>08540, Centelles.<br><a href="https://www.osonaformacio.org/" target="_blank" rel="noopener noreferrer nofollow">www.osonaformacio.org<br></a>facebook.com/epacentelles<br>instagram.com/epacentelles</p>



<p><strong>Aula Oberta Tona<br></strong>epacentelles@osonaformacio.org<br>938 870 761<br>C/ Nou, 3 2n (Can Licus).<br>08551, Tona.<br><a href="https://www.osonaformacio.org/" target="_blank" rel="noopener noreferrer nofollow">www.osonaformacio.org<br></a>facebook.com/aulaobertatona<br>instagram.com/aulaobertatona</p>



<p><strong>CFA Montseny<br></strong>a8060095@xtec.cat<br>938 851 777<br>Av. del Montseny, 16 1r pis.<br>08500, Vic.<br><a href="https://agora.xtec.cat/cfa-montseny/" target="_blank" rel="noopener noreferrer nofollow">agora.xtec.cat/cfa-montseny</a><br>instagram.com/cfa_montseny</p>



<p><strong>Pauta La Canal<br></strong>pauta@lacanal.cat<br>931 828 965 / 627 350 846<br>Passatge Molí de la Canal, 4-6.<br>08551, Tona.<br><a href="https://www.lacanal.cat/" target="_blank" rel="noopener noreferrer nofollow">www.lacanal.cat</a></p>

<p>Curs orientat a la preparació de la prova d’accés a Cicles Formatius de Grau Superior.</p>
