{"id":4140,"date":"2023-05-16T13:30:05","date_gmt":"2023-05-16T11:30:05","guid":{"rendered":"https:\/\/osonajove.cat\/capsula\/?post_type=noe&#038;p=4140"},"modified":"2023-08-09T09:10:23","modified_gmt":"2023-08-09T07:10:23","slug":"jornades-capsula","status":"publish","type":"noe","link":"https:\/\/osonajove.cat\/capsula\/noe\/jornades-capsula\/","title":{"rendered":"Jornades C\u00e0psula"},"content":{"rendered":"\n<p>Consell Comarcal d&#8217;Osona<\/p>\n\n\n\n<p><strong>DESCRIPCI\u00d3 DEL RECURS<\/strong><br>Jornades d&#8217;orientaci\u00f3 acad\u00e8mica i professional, amb una fira presencial de 3 dies de durada, accions d&#8217;orientaci\u00f3 per joves i fam\u00edlies a diferents municipis de la comarca i recursos online a la p\u00e0gina web www.osonajove.cat\/capsula. S&#8217;ofereix informaci\u00f3 sobre l&#8217;oferta post obligat\u00f2ria i els recursos de Noves Oportunitats Educatives de la comarca d&#8217;Osona.<\/p>\n\n\n\n<p><strong>VIES D&#8217;ACC\u00c9S AL RECURS<\/strong><br>L&#8217;alumnat de 4t d&#8217;ESO, PFI i recursos de Noves Oportunitats Educatives, visiten les jornades amb el seu centre. La resta de persones poden accedir-hi sense derivaci\u00f3 la tarda d&#8217;obertura per p\u00fablic general.<\/p>\n\n\n\n<p><strong>PERSONA DE CONTACTE<\/strong><br>Gemma Collell<br>gcollellc@ccosona.cat<br>630 454 702<br>C\/ de l&#8217;historiador Ramon d&#8217;Abadal i de Vinyals, 5 3a planta.<br>08500, Vic.<br><a href=\"https:\/\/osonajove.cat\/capsula\/\">www.osonajove.cat\/capsula<\/a><\/p>\n","protected":false},"excerpt":{"rendered":"<p>Jornades d&#8217;orientaci\u00f3 acad\u00e8mica i professional.<\/p>\n","protected":false},"template":"","municipi":[51,52,54,49,53,55,57,58,56,61,62,59,60,48,63,64,65,66,67,68,69,70,71,72,73,74,75,76,77,78,79,80,81,82,83,84,85,86,87,88,89,50,90,91,92,96,47,93,94,95],"perfil":[25,26,27,28,29,30,31],"perfil2":[32,33,34,35,36,37,38],"tipus":[40],"class_list":["post-4140","noe","type-noe","status-publish","hentry","municipi-alpens","municipi-balenya","municipi-calldetenes","municipi-centelles","municipi-el-brull","municipi-espinelves","municipi-folgueroles","municipi-gurb","municipi-lesquirol","municipi-les-masies-de-roda","municipi-les-masies-de-voltrega","municipi-lluca","municipi-malla","municipi-manlleu","municipi-montesquiu","municipi-muntanyola","municipi-olost","municipi-oris","municipi-orista","municipi-perafita","municipi-prats-de-llucanes","municipi-roda-de-ter","municipi-rupit-i-pruit","municipi-sant-agusti-de-llucanes","municipi-sant-bartomeu-del-grau","municipi-sant-boi-de-llucanes","municipi-sant-hipolit-de-voltrega","municipi-sant-julia-de-vilatorta","municipi-sant-marti-dalbars","municipi-sant-marti-de-centelles","municipi-sant-pere-de-torello","municipi-sant-quirze-de-besora","municipi-sant-sadurni-dosormort","municipi-sant-vicenc-de-torello","municipi-santa-cecilia-de-voltrega","municipi-santa-eugenia-de-berga","municipi-santa-eulalia-de-riuprimer","municipi-santa-maria-de-besora","municipi-seva","municipi-sobremunt","municipi-sora","municipi-taradell","municipi-tavernoles","municipi-tavertet","municipi-tona","municipi-torello","municipi-vic","municipi-vidra","municipi-viladrau","municipi-vilanova-de-sau","perfil-1soc-menor-dedat","perfil-2soc-major-dedat","perfil-3no-tinc-eso","perfil-4em-costa-entendre-parlar-i-o-escriure-el-catala-castella","perfil-5estic-en-situacio-administrativa-irregular","perfil-6tinc-certificat-de-discapcitat","perfil-7em-reconec-algun-problema-de-salut-mental","perfil2-1menors-dedat","perfil2-2majors-dedat","perfil2-3nivell-educatiu-sense-eso","perfil2-4sense-domini-basic-de-la-llengua-catala-i-o-castella","perfil2-5en-situacio-administrativa-irregular","perfil2-6diversitat-funcional-amb-certificat-de-discapacitat","perfil2-7salut-mental","tipus-acompanyament-i-orientacio"],"_links":{"self":[{"href":"https:\/\/osonajove.cat\/capsula\/wp-json\/wp\/v2\/noe\/4140","targetHints":{"allow":["GET"]}}],"collection":[{"href":"https:\/\/osonajove.cat\/capsula\/wp-json\/wp\/v2\/noe"}],"about":[{"href":"https:\/\/osonajove.cat\/capsula\/wp-json\/wp\/v2\/types\/noe"}],"wp:attachment":[{"href":"https:\/\/osonajove.cat\/capsula\/wp-json\/wp\/v2\/media?parent=4140"}],"wp:term":[{"taxonomy":"municipi","embeddable":true,"href":"https:\/\/osonajove.cat\/capsula\/wp-json\/wp\/v2\/municipi?post=4140"},{"taxonomy":"perfil","embeddable":true,"href":"https:\/\/osonajove.cat\/capsula\/wp-json\/wp\/v2\/perfil?post=4140"},{"taxonomy":"perfil2","embeddable":true,"href":"https:\/\/osonajove.cat\/capsula\/wp-json\/wp\/v2\/perfil2?post=4140"},{"taxonomy":"tipus","embeddable":true,"href":"https:\/\/osonajove.cat\/capsula\/wp-json\/wp\/v2\/tipus?post=4140"}],"curies":[{"name":"wp","href":"https:\/\/api.w.org\/{rel}","templated":true}]}}

Jornades Càpsula

<p>Consell Comarcal d&#8217;Osona</p>



<p><strong>DESCRIPCIÓ DEL RECURS</strong><br>Jornades d&#8217;orientació acadèmica i professional, amb una fira presencial de 3 dies de durada, accions d&#8217;orientació per joves i famílies a diferents municipis de la comarca i recursos online a la pàgina web www.osonajove.cat/capsula. S&#8217;ofereix informació sobre l&#8217;oferta post obligatòria i els recursos de Noves Oportunitats Educatives de la comarca d&#8217;Osona.</p>



<p><strong>VIES D&#8217;ACCÉS AL RECURS</strong><br>L&#8217;alumnat de 4t d&#8217;ESO, PFI i recursos de Noves Oportunitats Educatives, visiten les jornades amb el seu centre. La resta de persones poden accedir-hi sense derivació la tarda d&#8217;obertura per públic general.</p>



<p><strong>PERSONA DE CONTACTE</strong><br>Gemma Collell<br>gcollellc@ccosona.cat<br>630 454 702<br>C/ de l&#8217;historiador Ramon d&#8217;Abadal i de Vinyals, 5 3a planta.<br>08500, Vic.<br><a href="https://osonajove.cat/capsula/">www.osonajove.cat/capsula</a></p>

<p>Jornades d&#8217;orientació acadèmica i professional.</p>
